et b(w) = w**2 - 6*w - 9. Let m be b(8). Let r be j(m). Let p = -31 - r. What is the units digit of p?
3
Suppose 18*f - 16*f = -4. Let s be (-1 - -3 - f) + 23. Suppose 3*y + s = n, -n + 0*n + 13 = 4*y. What is the tens digit of n?
2
Let c(l) be the first derivative of 2*l**3/3 - 2*l**2 + l + 8. What is the tens digit of c(-4)?
4
Let w be ((-16)/(-10))/(6/45). Suppose 2202 = w*t - 642. What is the tens digit of t?
3
Suppose 126 + 254 = 5*c. Suppose c = a - 87. What is the hundreds digit of a?
1
Let w = 132 - 237. Let a be ((-8)/6)/(5/w). Let t = a - 3. What is the tens digit of t?
2
Let h = 51 + -46. Suppose -3*k + 91 + 145 = -r, -2*k + h*r + 179 = 0. What is the units digit of k?
7
Let w(b) = -b**2 + b + 1. Let z(d) = -2*d**2 - 5*d - 1. Let g(m) = -3*w(m) - z(m). What is the units digit of g(2)?
2
Suppose 0 = -3*s - 3*w + 6*w - 63, -48 = 3*s + 2*w. What is the tens digit of 70/4 - s/(-12)?
1
Suppose -71*q + 17122 = -57*q. What is the hundreds digit of q?
2
Suppose -b = 4*b + 4*m - 4844, 3*b - 2900 = 4*m. What is the hundreds digit of b?
9
Let h = 26 - 24. Suppose 576 = -h*a + 4*a. Suppose b = -3*b + a. What is the units digit of b?
2
Let l(n) = 15*n**2 + 12*n + 49. What is the tens digit of l(-8)?
1
Suppose 0 = -5*a + 48 + 22. Suppose -a = -3*u + 1. Suppose u*t - 211 = 4*p, t - 3 = -2*p + 28. What is the tens digit of t?
3
Let v(y) = -2*y**2 + 3*y - 4. Let j be v(4). Let w = j - -39. What is the units digit of w*6*8/36?
0
Let l(j) = -35*j + 7. Let p be l(-4). Let g = p + -87. What is the units digit of g?
0
Suppose 11*i - 180 = 17*i. Let s = 65 + i. What is the tens digit of s?
3
Let z(v) = 0*v**2 - v**3 + 3*v - 5*v - 1 + 4*v**2. Let x be z(3). Suppose 7*j - 4*j + 4*d = 80, x*j - 3*d - 25 = 0. What is the tens digit of j?
2
What is the units digit of 33/(7/(-35) + (-64)/(-270))?
1
Suppose 0 = -2*x + 1955 + 1431. What is the thousands digit of x?
1
Let q(k) = k**2 + k + 3. Let n(o) = o**2 + 1. Let b(t) = 7*n(t) - 3*q(t). What is the units digit of b(2)?
8
Let v(n) = -6*n**3 - 2*n**2 - n. Let o be v(-1). Let k(j) be the third derivative of j**4/6 - 5*j**3/2 - 3*j**2. What is the units digit of k(o)?
5
What is the units digit of (387/(-12) - 0)*(-80)/6?
0
What is the hundreds digit of (6/4)/((-10)/(-20)) + 266?
2
Let u(p) = -5*p + 2. Let s be u(-1). Suppose -2*t + 5*z + 39 = 0, -z + 111 = s*t - 2*t. What is the tens digit of t?
2
Let j be 1/(-1) - (-30)/10. Let s(c) = -8*c**j - 2*c + c**3 + 2*c - 11 - c + 5*c. What is the tens digit of s(8)?
2
Let y(l) be the first derivative of l**3 - 3*l**2/2 - 5*l - 8. Let z be y(-3). What is the tens digit of (-3 - -7)/(-4) + z?
3
Let v(w) = 2*w + 16. Suppose 2*j + 9 = -27. Let q be v(j). What is the units digit of q + 80 + (-4)/1?
6
Let z(o) = -o**2 - 7*o + 3. Let b be z(-7). Suppose 4*x - b*x = 0. Suppose -199 = -x*u - 4*u - 5*p, 2*p = -4*u + 202. What is the tens digit of u?
5
Suppose 126 = -4*o - 18. Let m = o + 81. What is the tens digit of m?
4
Let p(k) = k + 10. Let c be 5/(10/(-64))*(-5)/10. What is the units digit of p(c)?
6
Suppose 5*g - 27 = -87. Let j = 17 - g. What is the units digit of j?
9
Let y(n) = -n**3 - 7*n**2 - n - 10. Let j be y(-7). Let z = 25 - 38. Let v = j - z. What is the tens digit of v?
1
Let z be (6/21 - 0) + 76/28. Suppose -2*h - 6 + 2 = 0, z*h = -b + 67. What is the units digit of b?
3
Let m = -9 - -13. Suppose -3*t = -m*t. What is the units digit of (19 - (-9)/3) + t?
2
What is the tens digit of (-2 - (-8 + 1)) + -3 + 633?
3
Let p = 38 - 65. Let s = p - -78. What is the tens digit of s?
5
Suppose n + 1 = 2*n. Let k(o) = 0 + n + 9*o + 50*o. What is the tens digit of k(1)?
6
Let b be (-1443 + 1)*(-3)/6. Suppose 22*a = 29*a - b. What is the tens digit of a?
0
What is the units digit of (-5998)/(3/(((-216)/(-16))/(-9)))?
9
Let y = 12 - 9. Let d(x) = 37*x - 6. What is the units digit of d(y)?
5
Let w be 6/(-12)*-3*2. What is the units digit of (-135 + -3)/(w/(-2))?
2
Let m be (-4)/(-3) + 10/(-30). Suppose -3*r - m = -4. Suppose w - 4 - r = 0. What is the units digit of w?
5
Let r = -2674 - -3908. What is the thousands digit of r?
1
Suppose -80 = 3*q + 4*y, -2*q = -4*q + 5*y - 15. Let p = 4 - q. What is the tens digit of p?
2
Let t be ((-1)/3)/(1/(-3)). Let k be ((-5)/(-2) - t)*-2. Let y = k + 19. What is the units digit of y?
6
Let n(r) be the first derivative of -r**3/3 + 19*r**2/2 + 4*r - 5. What is the tens digit of n(18)?
2
Let r = 4565 + -1251. What is the tens digit of r?
1
Let s = 7 + 109. What is the hundreds digit of s?
1
Suppose 0 = -5*p + 12 - 7. Let t(g) = 12*g**3 + g**2. What is the units digit of t(p)?
3
Suppose -3*m + 0*m - 5*s = 110, -2*s = -2*m - 100. Let h = 162 + -83. Let q = h + m. What is the tens digit of q?
3
Suppose 2*u + 3*z - 557 = 0, 3*u + 0*u = -4*z + 835. What is the hundreds digit of u?
2
Suppose -20 = -4*r + f, -7*r - 4*f = -3*r. Suppose k = -2*s + 19, 4*s + 1 = r*k - 75. What is the units digit of k?
9
Suppose -v + 4*f = -5006, -3*v + 4260 = 2*f - 10688. What is the tens digit of v?
8
Let t(f) = 2*f**3 + 34*f**2 + 42. What is the tens digit of t(-15)?
4
What is the thousands digit of (-15)/(-6)*(39 - -1925)?
4
Let q = 42 + 20. Suppose 13 = 3*f - q. Let x = f + 40. What is the tens digit of x?
6
Let n(s) = -s**3 + 20*s**2 + 52*s - 2. What is the hundreds digit of n(17)?
7
Suppose -m + 264 = m. Suppose 2*g - 208 = m. What is the hundreds digit of g?
1
Let a(d) = -d**3 + 7*d**2 + 3*d + 2. Let t be a(8). Let y = t + 56. Let o = 27 - y. What is the units digit of o?
9
Let m(v) = v**3 + 15*v**2 - 5*v - 1. What is the tens digit of m(-11)?
3
Let t = 710 - 425. What is the tens digit of t?
8
Let u(g) = 47*g - 135. What is the tens digit of u(28)?
8
Let v(k) be the first derivative of -k**3/3 + 14*k**2 - 41*k + 20. What is the units digit of v(18)?
9
Suppose -7*f + 2*f = -45. Let t = f - 14. What is the units digit of (32/(-5))/(1/t)?
2
What is the tens digit of (-3)/(-5) - (1 - 31016/40)?
7
What is the thousands digit of 0*9/90 + 3241?
3
Let p(z) = 9*z - 13. Let j be p(-19). Let f = j - -258. What is the tens digit of f?
7
Let b(o) = o**2 - 7*o + 1. Let a be b(7). Let n be 45/a*2/3. Let v = n + -10. What is the tens digit of v?
2
Suppose 0 = 4*r + l - 14242, 11*r - 10*r + l = 3559. What is the hundreds digit of r?
5
Suppose 4*y - 6*y + 684 = 0. Suppose 5*z - y = a, 9 = -z + a + 79. What is the tens digit of z?
6
Suppose -31*y + 28*y + 36 = 0. What is the units digit of -4 - (4 - y)*8?
0
Let m = 0 - 7. Let p = 11 + m. Suppose 8 = -3*b + p*b. What is the units digit of b?
8
What is the tens digit of ((-8)/6)/(3242/(-540) + 6)?
6
Suppose 4*c = 8*c + 292. Let f = c - -104. What is the units digit of f?
1
Let g(n) = n**3 + n**2 + 2*n + 42. Let x = 30 + -31. Let y be (-3)/15 - x/5. What is the units digit of g(y)?
2
Let u = -19 + 11. What is the units digit of (-1946)/(-56)*u/(-2)?
9
Suppose -3*z + 2*z - 10 = g, 2*z = 5*g + 1. Let j(i) be the second derivative of -i**3/2 - 9*i**2/2 - 2*i. What is the units digit of j(z)?
2
Let b(g) be the third derivative of -g**6/120 + g**5/6 - 3*g**4/8 + g**3 + 14*g**2. What is the units digit of b(9)?
6
Suppose 4*s + 5*a = 3785, -a = -2*s + 429 + 1446. What is the hundreds digit of s?
9
Let t(x) = x - 10. Let b be t(12). Suppose -5*z + 0 = -5, b*d - 3*z - 81 = 0. What is the units digit of d?
2
Suppose o + 43*o - 5324 = 0. What is the units digit of o?
1
Let t(v) = -3*v**2 - 5*v - 10. Let i be t(-3). Suppose -39 = -5*r + w, 4*r + 2 = 2*r - 4*w. Let n = r - i. What is the tens digit of n?
2
What is the hundreds digit of (-32370)/(-105) + (-6)/21?
3
Let s = 416 - -1077. What is the thousands digit of s?
1
Let f(l) = 4*l**2 - 20*l - 59. Let g(j) = -7*j**2 + 41*j + 117. Let w(v) = 5*f(v) + 3*g(v). What is the tens digit of w(23)?
5
Let x(l) = l**2 + 12*l + l - 3*l**2 + 9. Let h be x(12). What is the tens digit of ((-2)/(-3))/((-2)/h)?
4
Suppose -6*h = -54*h + 48192. What is the hundreds digit of h?
0
Suppose 2*b = 4*b - 10. Suppose 5*r - 33 = -5*t + 2*t, b*t - 39 = -3*r. Let p = t - -8. What is the units digit of p?
4
Let r(i) = 31*i**2 + 18*i + 91. What is the hundreds digit of r(-6)?
0
Let b(i) = 14*i - 38. Let p be b(-18). Let j = p + 503. What is the tens digit of j?
1
Let a be (-12936)/224 + 2/(-8). Let n(u) = -22*u - 1. 